1. What is the hundreds digit of l?
2
Suppose -b - 4 = b, -p - 4*b + 433 = 0. Suppose -68 = r - 4*l + 46, 4*r = l - p. Let k = r - -202. What is the units digit of k?
2
Let a(x) = -x. Let l be a(-3). Suppose h - 1471 = -4*h + 2*k, -k + 887 = l*h. What is the hundreds digit of h?
2
Suppose 2160 = 3*u + 3*l, 1404 = 2*u + 80*l - 84*l. What is the tens digit of u?
1
Let q = -124 + 58. Let b = q + -75. Let u = 268 + b. What is the tens digit of u?
2
Let a(i) = 4*i + 59. Let n be a(-14). Suppose -c + 3*v = -0*c + 59, 0 = n*v. Let l = 21 - c. What is the tens digit of l?
8
Suppose 0 = 23*l - 37621 - 46697. What is the tens digit of l?
6
Suppose -326 = -3*l + 8*p - 4*p, -4*p = 5*l - 522. Suppose -n + 31 = -l. What is the units digit of n?
7
Let y(v) = -250*v + 5375. What is the hundreds digit of y(-6)?
8
Let o = -390 + 1124. Let f = o + -281. What is the units digit of f?
3
Suppose -y - 350 = 4*y. Suppose -26*w = -26*w + 198*w + 990. Let r = w - y. What is the units digit of r?
5
Let s = 1310 + 2600. What is the units digit of s?
0
Suppose b + 2*c + 174 - 304 = 0, 7 = -c. What is the tens digit of b?
4
Suppose 3*a + 116 = 2*w, -5*w + 35*a + 277 = 34*a. What is the tens digit of w?
5
Let z(g) be the third derivative of g**6/120 + 4*g**3/3 - 6*g**2. Let l be z(4). Suppose 4*m + l - 233 = h, -3*m + 4*h = -137. What is the units digit of m?
9
Let d(z) = 26*z**2 - 318*z + 25. What is the units digit of d(-7)?
5
Let g(j) = -34*j**3 + 6*j**2 + 8*j + 84. Let i be g(-12). Suppose 58*y = 8372 + i. What is the hundreds digit of y?
1
Let z be ((-8)/((-32)/(-60)))/(-3). Suppose h = z, g - 4*h + 7*h = 9. What is the hundreds digit of 29/87 + (-1150)/g?
1
Let c = 44727 - 25243. What is the ten thousands digit of c?
1
Suppose 0 = 1494*n - 1463*n - 1745238. What is the ten thousands digit of n?
5
Let c(r) = -225*r - 2414. What is the hundreds digit of c(-68)?
8
Suppose 22960 - 364772 + 39516 = -29*u. What is the hundreds digit of u?
4
Let f be (-5)/10*2 - -3. Suppose -5*i = f*j - 2507, j = -2*i - 0*i + 1002. Suppose -9*v + 13*v = -3*l + i, 376 = 3*v + l. What is the units digit of v?
5
Let l be (-24)/(-5) - (-2)/(-10)*4. Suppose 5*s = -5*h + 2205, 4*h = -l*s + 7*s - 1323. What is the hundreds digit of s?
4
Suppose 648 = -4*i + 4*q, -3*i + 4*q = -4*i - 152. Let x be (-1)/((-4 + 5)/2). What is the tens digit of i*6*(x + 28/16)?
4
Let s be 435 - 0*2/(-8). Let l be (-3 - 36/(-10))/(3/s). Let y = 24 + l. What is the units digit of y?
1
Let q = 2543 + -1388. Suppose 26*o - q = 23*o. What is the tens digit of o?
8
Suppose -1260 = 3*j + 108. Let n = j + 765. What is the hundreds digit of n?
3
Suppose 40*s = -24*s + 155072. What is the thousands digit of s?
2
Let g(y) = 30*y - 2. Let h be g(-4). Suppose 57 + 116 = -a. Let w = h - a. What is the tens digit of w?
5
Suppose -10*y + 1989372 = -0*y + 12*y. What is the hundreds digit of y?
4
Let a(s) = -77*s - 50. Let k be a(-9). Let i = k + -310. What is the tens digit of i?
3
Suppose -11*t + 31*t = -9*t + 14906. What is the tens digit of t?
1
Suppose 6*g - 52 - 32 = 0. Suppose 0 = -g*s + 188 - 34. What is the units digit of s?
1
What is the units digit of 885*(4 + (-870)/(-75))?
6
Let n = -14 + 19. Suppose 15 = n*r - 10*r. Let z(j) = -2*j**3 - 5*j**2 - j + 7. What is the tens digit of z(r)?
1
Let r be ((-1)/2)/((-2)/20). Let c = -946 - -1187. Suppose 4*z - 211 = -3*x + 3*z, 3*x - r*z - c = 0. What is the tens digit of x?
7
Let g(z) = -3*z - 7. Let w be g(-5). Let x(h) = -h**2 + 7*h + 13. Let u be x(w). Suppose 0 = -5*o + 8 - 3, -2*o = -u*j + 838. What is the hundreds digit of j?
1
Let t be 2928 + (6/(-4))/(6/4). Suppose 4*b + o = t, -4*b + 14*o + 2909 = 9*o. What is the tens digit of b?
3
Let v(t) = -t**3 + 11*t**2 + 13*t - 99. Let j be v(12). Suppose 4*s - 2*u - 249 - 379 = 0, -4*s - 3*u = -628. Let a = s + j. What is the units digit of a?
0
Suppose 4*v - 3*z = -v + 558, 2*v - 232 = -z. Let m(k) = 71*k - 1459. Let t be m(20). Let b = v + t. What is the tens digit of b?
7
Suppose 5*y = 3*y + 964. Let h be 3/((-10)/(-35) - y/1540). Let z = -12 - h. What is the tens digit of z?
9
Let v be (6/(-45)*-5)/((-4)/60). What is the units digit of 488/(-6)*(v - 68/(-8))?
2
Suppose 180 = d - 2*p, -p - 3*p = -4*d + 720. Let a = 204 - 196. Suppose f - d = -a. What is the hundreds digit of f?
1
Let y(m) be the second derivative of m**5/20 + 7*m**4/6 - m**3 - 2*m**2 + 2*m + 117. Let j be (-4*(-21)/6)/(-1). What is the units digit of y(j)?
0
Let r(b) = -9*b - 7. Let s be r(-1). Let i = s + 325. What is the hundreds digit of i?
3
Suppose 4*k = 11 + 13. Suppose 5*j = r + 17, 29 = 5*j + 2*r + r. What is the tens digit of -111*(-2)/k - j?
3
Let y = 36 + 87. Let p = 427 - y. What is the units digit of p?
4
Let r(z) = -1192*z - 53. Let b be r(-2). Suppose 3*o + 3*l = b, -o + 544 = 4*l - 236. What is the tens digit of o?
7
Let f(q) be the third derivative of q**5/30 + q**4/12 + q**3/6 - 24*q**2. Let j be f(-2). What is the units digit of 2/(j/(17 + 3))?
8
Suppose -20*t - 5*q - 23 = -24*t, 2*t + 4*q + 8 = 0. What is the units digit of -8*(15 + -13)*(-1)/t?
8
Let x(v) = -v**3 + 33*v**2 - 1. Let p be x(33). Let h(l) = -586*l - 1. What is the tens digit of h(p)?
8
Suppose 116*m + 23701 = 5*x + 119*m, -m = 2*x - 9479. What is the hundreds digit of x?
7
Let f = -3151 + 19979. What is the thousands digit of f?
6
Suppose -x = -4*a - 619, 2*x + 17*a = 18*a + 1203. Suppose 0 = 603*n - x*n - 6548. What is the hundreds digit of n?
6
Let o = -15899 + 32989. What is the ten thousands digit of o?
1
Suppose 0 = 9*a - 3303 - 3555. Let k = a - 717. What is the units digit of k?
5
What is the hundreds digit of 374385/7 + (-1)/98*-42?
4
Suppose z + 5*a - 37 = -2*z, -a - 42 = -2*z. Suppose -11*t - z*t + 29190 = 0. What is the tens digit of t?
7
Suppose 0 = 4*m + 7842 - 1258. Let t = m - -2552. What is the hundreds digit of (t/8)/(72/96)?
1
Let f(z) = 37614*z - 2030. What is the units digit of f(2)?
8
Suppose 120 = -6*w + 360. Suppose 45*z = w*z + 695. What is the tens digit of z?
3
Let o(q) = 9*q + 42. Let i(n) be the first derivative of -4*n**2 - 41*n + 15. Let m(b) = -6*i(b) - 5*o(b). What is the tens digit of m(15)?
8
Let k(g) = g**3 + 18*g**2 - 22*g - 3. Let n be k(-19). Suppose 4*r - 18 = -5*l - 10, 3*l = 12. What is the units digit of ((-12)/(-4))/(r - n/(-15))?
5
Let m be ((-2)/3)/((-14)/84). Let w(h) = 2*h**2 + h + 1. Let z(s) = -s**2 - 2*s - 1. Let a(j) = m*w(j) + 6*z(j). What is the tens digit of a(6)?
2
Let i(f) = -16*f**2 - 1 - 2 - 9*f + 10*f**2 + 7*f**2. Let s be (-16)/3 - 4/(-12). What is the tens digit of i(s)?
6
Suppose 5*x + 102 - 512 = 0. Let z = -85 + x. What is the units digit of z*(-2)/(-6)*-1*73?
3
Suppose -8*m + 3*m = -860. Suppose w = -29 + m. What is the hundreds digit of w?
1
Suppose 0 = -27*b + 31*b - 56. Let a = b - -10. What is the units digit of a?
4
Suppose o - 6589 = -5*v, 5*v + 48*o - 52*o = 6594. Suppose 0 = -2*w - w - 3*a + 3978, w - v = 3*a. What is the thousands digit of w?
1
Let i = 268 + -230. Suppose -3*n + 95 = 5*p - 0*p, -3*n = 2*p - i. What is the units digit of p?
9
Let g = 189 - 272. Let h = g + 158. What is the tens digit of h?
7
What is the tens digit of 10409 + (450/70 + -7)/(2/7)?
0
Suppose -22 = -9*k + 23. Suppose 1 + 4 = -y - 5*g, -k*g - 25 = 5*y. What is the tens digit of 139 - (y/(-1) + -9)?
4
Let a = 47 - 14. Suppose 870 = -3*u + a*u. What is the units digit of u?
9
Let t be (-23)/(-7) + 32/(-112). Suppose -14*d + 15*d = -t*a + 519, 0 = -a - d + 171. What is the tens digit of a?
7
Suppose -4*a = 15*a - 16853. Suppose 0 = -3*i - 5*u + 1538 - 218, -u + a = 2*i. What is the tens digit of i?
4
Let x(m) = m**3 + 15*m**2 + 29*m + 18. Let q be x(-13). Let u = q + 36. What is the tens digit of u + -18 + (1 - 112/(-2))?
5
Suppose -3*i - i - 4476 = 0. Let q = -632 - i. What is the tens digit of q?
8
Let y(d) = -452*d - 2841. What is the ten thousands digit of y(-43)?
1
Suppose -3*c + 4*r = -9082, r - 6351 = -3*c + 2726. What is the units digit of c?
6
Let n = 78 - 74. Suppose 0 = 4*r + 16, 4*r - 2*r = n*a - 2224. What is the hundreds digit of a?
5
Let v(y) = 407*y**3 - 6*y**2 + 8*y. What is the tens digit of v(2)?
4
Suppose -518*z = -513*z + 2*i - 3583, 0 = 5*i + 5. What is the tens digit of z?
1
Suppose -617 = -28*v - 29. Sup